f 84 and 116170068?
84
Calculate the highest common divisor of 7297257 and 44067.
1191
Calculate the greatest common divisor of 238878 and 77418.
414
What is the greatest common divisor of 164764 and 268?
4
Calculate the highest common factor of 145542852 and 273.
273
What is the greatest common divisor of 868 and 239932?
28
Calculate the highest common divisor of 10978 and 2034922.
998
Calculate the highest common divisor of 13188 and 23295660.
1884
What is the highest common divisor of 177278 and 3141958?
274
Calculate the highest common factor of 169122 and 5252310.
2382
What is the highest common factor of 1873739 and 448?
7
Calculate the greatest common divisor of 630 and 3042830.
70
Calculate the greatest common divisor of 73793 and 256583.
677
Calculate the greatest common factor of 203 and 137802287.
203
What is the highest common divisor of 10617717 and 5457?
321
Calculate the greatest common factor of 14697486 and 119.
17
What is the greatest common divisor of 39 and 208951951?
13
What is the highest common divisor of 1637618 and 478864?
346
What is the highest common factor of 2493165 and 142?
71
Calculate the greatest common divisor of 11416128 and 30192.
1776
What is the highest common divisor of 1407011966 and 5626?
5626
What is the greatest common factor of 3325 and 187131?
133
Calculate the greatest common divisor of 143892 and 359604.
252
Calculate the highest common factor of 12191105 and 16895.
545
What is the highest common divisor of 29238176 and 256?
32
What is the greatest common divisor of 5120783 and 1368749?
4373
What is the greatest common factor of 624 and 2206009?
13
Calculate the highest common factor of 39655 and 23814630.
3605
What is the greatest common factor of 715502 and 76?
38
Calculate the highest common factor of 27219392 and 1457.
47
What is the highest common factor of 21948 and 228036?
372
Calculate the highest common factor of 1438052 and 1592796.
2668
What is the greatest common divisor of 3655 and 817445?
85
Calculate the highest common divisor of 4794 and 177990.
102
What is the highest common divisor of 42900 and 100139?
13
What is the greatest common factor of 13087 and 46909498?
569
What is the highest common factor of 1056 and 114114?
66
Calculate the greatest common divisor of 555291 and 11715.
2343
Calculate the highest common divisor of 3391290 and 2835.
315
What is the highest common divisor of 9168 and 3260752?
3056
What is the greatest common divisor of 38967 and 1345524?
93
Calculate the greatest common divisor of 736030 and 301855.
4135
What is the highest common factor of 44 and 715571043?
11
Calculate the highest common factor of 67320 and 1192908.
12
What is the highest common divisor of 249550 and 8618?
62
Calculate the greatest common divisor of 374744 and 7367.
139
What is the highest common factor of 10796 and 14852597?
2699
Calculate the highest common factor of 4758 and 228994.
122
Calculate the highest common factor of 1410 and 21672640.
470
What is the highest common divisor of 8462070 and 18535?
1685
Calculate the highest common divisor of 1126104 and 1608.
24
Calculate the greatest common factor of 147012 and 12.
12
What is the highest common factor of 8608170 and 39?
3
What is the highest common divisor of 11509 and 2347159?
677
What is the greatest common factor of 147 and 681443?
49
What is the greatest common divisor of 41630867 and 158?
79
Calculate the highest common factor of 302062189 and 143.
143
What is the highest common factor of 119718040 and 208?
104
Calculate the highest common divisor of 2 and 2076926.
2
What is the greatest common factor of 206079 and 9956721?
2823
What is the highest common factor of 2032 and 2910832?
16
What is the greatest common divisor of 14 and 2863238?
14
Calculate the greatest common divisor of 1832706 and 323468.
838
Calculate the greatest common factor of 25545 and 29017417.
1703
What is the highest common divisor of 3045 and 204867165?
435
What is the greatest common factor of 91342186 and 61327?
8761
What is the greatest common divisor of 534 and 24786678?
534
What is the greatest common factor of 9924189 and 77?
11
Calculate the greatest common divisor of 1044 and 3209652.
36
Calculate the greatest common factor of 12026006 and 3178.
454
Calculate the greatest common divisor of 14150021 and 703.
37
Calculate the highest common factor of 687817 and 40625.
13
Calculate the highest common factor of 18890 and 502749794.
3778
Calculate the highest common divisor of 28076556 and 564.
12
What is the highest common divisor of 516991545 and 1603?
1603
What is the greatest common divisor of 568 and 175846836?
284
What is the highest common divisor of 31306 and 352?
22
Calculate the highest common divisor of 2324 and 434371.
7
Calculate the greatest common divisor of 15596 and 100351348.
2228
What is the highest common factor of 45792 and 474369504?
5088
What is the highest common factor of 48211 and 41858875?
1303
What is the greatest common factor of 384843 and 12003324?
2361
What is the highest common divisor of 319330 and 380?
10
What is the highest common divisor of 1560 and 3200990?
130
Calculate the highest common factor of 288 and 35385312.
96
What is the greatest common factor of 2013 and 6077613?
183
What is the highest common factor of 15814069 and 697?
41
What is the greatest common divisor of 925 and 23675?
25
Calculate the highest common factor of 173816809 and 886.
443
What is the greatest common divisor of 88923 and 7206?
3
Calculate the highest common factor of 10999298 and 1970.
394
What is the highest common factor of 9947609 and 7917?
203
What is the highest common factor of 320 and 16970752?
64
Calculate the highest common divisor of 15598 and 1519387.
709
What is the greatest common factor of 175896 and 66024?
504
What is the greatest common divisor of 478336 and 2929?
101
What is the greatest common divisor of 6390419 and 4233?
1411
Calculate the greatest common divisor of 1690 and 2897570.
130
What is the greatest common factor of 276531139 and 69?
23
Calculate the highest common factor of 4612074 and 148364.
2558
What is the highest common divisor of 5206 and 246810?
38
What is the greatest common factor of 295641 and 208971?
963
Calculate the greatest common factor of 23670805 and 14275.
2855
What is the highest common divisor of 6583 and 282025?
29
Calculate the greatest common factor of 4374054 and 81.
27
What is the greatest common factor of 10690 and 58090?
10
Calculate the highest common factor of 2017556100 and 7560.
3780
Calculate the greatest common divisor of 41 and 692085904.
41
What is the greatest common divisor of 2929364 and 26048?
148
Calculate the greatest common divisor of 20900 and 1898860.
380
Calculate the greatest common factor of 1964728 and 404.
4
Calculate the greatest common divisor of 467 and 26189827.
467
What is the highest common factor of 448 and 1851456?
64
Calculate the greatest common divisor of 227046060 and 934.
934
What is the highest common factor of 9 and 2783847?
3
Calculate the greatest common divisor of 12864 and 456.
24
What is the highest common factor of 15155468 and 1912?
956
Calculate the greatest common factor of 241304 and 222208.
1736
What is the highest common factor of 517 and 242200541?
517
Calculate the highest common factor of 1751408 and 249.
1
What is the highest common factor of 5169910 and 50?
10
Calculate the greatest common factor of 328404732 and 60.
12
What is the greatest common divisor of 474 and 132205868?
158
What is the highest common factor of 22633464 and 9751?
1393
Calculate the highest common factor of 21245372 and 2657.
2657
Calculate the highest common factor of 11975082 and 42.
42
What is the greatest common factor of 2671 and 282508999?
2671
What is the greatest common factor of 45627 and 827415?
681
What is the highest common divisor of 4374 and 1622916?
162
Calculate the greatest common factor of 5724 and 19345212.
1908
Calculate the highest common factor of 33012 and 258546316.
3668
Calculate the highest common divisor of 1287202 and 57890.
14
Calculate the highest common factor of 3316098 and 3390.
678
Calculate the greatest common factor of 219110173 and 6009.
2003
What is the highest common factor of 275336451 and 81?
9
Calculat